 digit of 4774623651?
6
What is the units digit of 112253230?
0
What is the hundred millions digit of 128055705?
1
What is the units digit of 1401345466?
6
What is the units digit of 524695727?
7
What is the units digit of 197206870?
0
What is the ten millions digit of 1408619032?
0
What is the tens digit of 63668593?
9
What is the millions digit of 2114134878?
4
What is the hundred thousands digit of 51260026?
2
What is the units digit of 2943759902?
2
What is the hundreds digit of 18813216?
2
What is the thousands digit of 253576336?
6
What is the hundred thousands digit of 208799274?
7
What is the hundreds digit of 1014563293?
2
What is the hundred millions digit of 1384547416?
3
What is the millions digit of 288076361?
8
What is the billions digit of 2594299178?
2
What is the billions digit of 1091087263?
1
What is the ten millions digit of 1688257596?
8
What is the hundred millions digit of 194415652?
1
What is the ten millions digit of 126059625?
2
What is the ten millions digit of 69326495?
6
What is the hundred thousands digit of 86059035?
0
What is the hundreds digit of 63201399?
3
What is the tens digit of 555802618?
1
What is the tens digit of 119479054?
5
What is the thousands digit of 40025762?
5
What is the tens digit of 449189323?
2
What is the ten thousands digit of 56983028?
8
What is the thousands digit of 11894737?
4
What is the ten thousands digit of 163138685?
3
What is the hundred millions digit of 162485057?
1
What is the thousands digit of 2265183009?
3
What is the tens digit of 5075621701?
0
What is the hundred thousands digit of 790890539?
8
What is the ten thousands digit of 492152910?
5
What is the hundred millions digit of 2976600187?
9
What is the thousands digit of 737468963?
8
What is the hundreds digit of 866951994?
9
What is the hundred thousands digit of 148659044?
6
What is the tens digit of 3100216957?
5
What is the tens digit of 140076354?
5
What is the tens digit of 130745796?
9
What is the billions digit of 3366297051?
3
What is the ten thousands digit of 12394713?
9
What is the tens digit of 53537901?
0
What is the millions digit of 7479119359?
9
What is the thousands digit of 62229797?
9
What is the ten thousands digit of 179182968?
8
What is the hundreds digit of 1851184404?
4
What is the thousands digit of 24020374?
0
What is the hundreds digit of 240602610?
6
What is the millions digit of 295295697?
5
What is the ten millions digit of 1997304054?
9
What is the billions digit of 1444187577?
1
What is the hundreds digit of 26328423?
4
What is the hundred millions digit of 439587199?
4
What is the hundred millions digit of 254422364?
2
What is the hundreds digit of 5568771933?
9
What is the units digit of 401989158?
8
What is the hundreds digit of 70710106?
1
What is the hundreds digit of 42123365?
3
What is the ten millions digit of 209461173?
0
What is the thousands digit of 95470736?
0
What is the ten millions digit of 1373610627?
7
What is the units digit of 3739937551?
1
What is the millions digit of 47320695?
7
What is the millions digit of 2011189150?
1
What is the ten thousands digit of 17260907?
6
What is the hundred thousands digit of 86226691?
2
What is the thousands digit of 1033808778?
8
What is the millions digit of 28206424?
8
What is the ten millions digit of 1078901217?
7
What is the millions digit of 2466948484?
6
What is the thousands digit of 143818081?
8
What is the tens digit of 3123463131?
3
What is the thousands digit of 68644378?
4
What is the hundred millions digit of 203779509?
2
What is the hundred thousands digit of 93423582?
4
What is the thousands digit of 29908525?
8
What is the hundreds digit of 71591773?
7
What is the thousands digit of 14124965?
4
What is the millions digit of 1419636?
1
What is the millions digit of 650934875?
0
What is the tens digit of 46318839?
3
What is the thousands digit of 47970338?
0
What is the units digit of 216123308?
8
What is the millions digit of 602336606?
2
What is the hundreds digit of 7196378267?
2
What is the millions digit of 3634938531?
4
What is the ten millions digit of 51531941?
5
What is the tens digit of 919332701?
0
What is the thousands digit of 243463236?
3
What is the hundreds digit of 657786417?
4
What is the units digit of 593163719?
9
What is the tens digit of 112157377?
7
What is the units digit of 1199081471?
1
What is the ten thousands digit of 82332486?
3
What is the hundred millions digit of 1143318357?
1
What is the hundred thousands digit of 184962439?
9
What is the thousands digit of 36986525?
6
What is the ten thousands digit of 74537544?
3
What is the ten thousands digit of 1616245834?
4
What is the tens digit of 99065952?
5
What is the ten thousands digit of 9204526?
0
What is the hundred thousands digit of 408160570?
1
What is the ten thousands digit of 255426722?
2
What is the thousands digit of 401152545?
2
What is the ten millions digit of 299170324?
9
What is the tens digit of 84901720?
2
What is the units digit of 312070611?
1
What is the millions digit of 61141635?
1
What is the thousands digit of 696161415?
1
What is the hundreds digit of 206669043?
0
What is the billions digit of 1122969105?
1
What is the thousands digit of 923463789?
3
What is the hundred thousands digit of 1349755922?
7
What is the ten thousands digit of 37323685?
2
What is the thousands digit of 105496187?
6
What is the hundred thousands digit of 439355898?
3
What is the units digit of 3134736540?
0
What is the tens digit of 105982426?
2
What is the tens digit of 413341229?
2
What is the hundred thousands digit of 23994375?
9
What is the hundred thousands digit of 65093554?
0
What is the hundred thousands digit of 29868850?
8
What is the hundreds digit of 6683239?
2
What is the units digit of 784141633?
3
What is the units digit of 172786821?
1
What is the ten millions digit of 93632298?
9
What is the hundred millions digit of 121415313?
1
What is the hundreds digit of 25601366?
3
What is the thousands digit of 847100898?
0
What is the ten millions digit of 39687131?
3
What is the hundreds digit of 539970572?
5
What is the ten millions digit of 58788067?
5
What is the thousands digit of 2089742600?
2
What is the units digit of 30119232?
2
What is the tens digit of 32702425?
2
What is the millions digit of 808213175?
8
What is the thousands digit of 108804317?
4
What is the billions digit of 1853604784?
1
What is the millions digit of 394612374?
4
What is the units digit of 184651883?
3
What is the hundreds digit of 40470348?
3
What is the hundreds digit of 161875958?
9
What is the ten millions digit of 1317879541?
1
What is the hundreds digit of 842569945?
9
What is the hundreds digit of 5930878?
8
What is the hundreds digit of 460605833?
8
What is the hundred millions digit of 1527275563?
5
What is the units digit of 957403992?
2
What is the ten thousands digit of 3256869579?
6
What is the units digit of 3151260103?
3
What is the hundred millions digit of 447860118?
4
What is the ten thousands digit of 779097683?
9
What is the tens digit of 207857404?
0
What is the ten millions digit of 85989573?
8
What is the millions digit of 289132047?
9
What is the hundreds digit of 3516895619?
6
What is the ten millions digit of 15976611?
1
What is the tens digit of 22332015?
1
What is the thousands digit of 79423970?
3
What is the thousands digit of 96024190?
4
What is the hundred thousands digit of 146534066?
5
What is the hundred thousands digit of 2444379640?
3
What is the tens digit of 321146622?
2
What is the ten millions digit of 630539101?
3
What is the hundreds digit of 6329242057?
0
What is the ten millions digit of 404252119?
0
What is the hundred thousands digit of 62156064?
1
What is the hundred thousands digit of 92435069?
4
What is the hundred millions digit of 204793211?
2
What is the hundreds digit of 456871656?
6
What is the hundred thousands digit of 83799470?
7
What is the thousands digit of 578153525?
3
What is the hundreds digit of 53572676?
6
What is the hundred millions digit of 253817639?
2
What is the hundred thousands digit of 911090336?
0
What is the ten millions digit of 73967187?
7
What is the hundred thousands digit of 495156023?
1
What is the units digit of 289497695?
5
What is the millions digit of 110